)?
1
Let d = -3 + 12. Let l(n) = n**2 - 8*n - 12. Give l(d).
-3
Let y(f) be the second derivative of -f**4/12 + f**3/6 + f**2 + f. Let w be (-1)/(2/10) - -3. Determine y(w).
-4
Let z(r) = 16*r**2 - r. Let n = 39 + -28. Let w = n + -10. What is z(w)?
15
Let i(c) be the second derivative of 0 + 2*c**2 + 2*c - 1/6*c**3. Calculate i(4).
0
Let f(g) = -1. Let t(o) = -o - 1. Let c(d) = -3*f(d) + t(d). Give c(-6).
8
Let x(m) be the third derivative of -m**4/24 + m**3/3 + 3*m**2 - 14*m. Let c(z) = -z - 7. Let k be c(-5). Give x(k).
4
Let h(z) = z + 2 + 1 - 5. Let o(d) = -5 + d**3 - 2*d**2 - 5*d + d - 2*d**2. Let m be o(5). Give h(m).
-2
Suppose 2*u - 21 - 25 = 0. Let l(f) = u - 2*f - 23. Give l(5).
-10
Let t(i) = -2*i + 16. Let z(n) = -n + 15. Let x(d) = -2*t(d) + 3*z(d). What is x(0)?
13
Let y(c) = c - 1. Let w be y(3). Let d(s) = 11*s + 3*s - s**w - 9*s. Give d(5).
0
Suppose 13 = y - 23. Suppose -4*b + 46 = -2*p - 0*b, 0 = 2*p - 2*b + y. Let f = p - -9. Let u(l) = -l**3 - 4*l**2 + 3. What is u(f)?
3
Let a(d) be the second derivative of -d**4/12 + 3*d**3/2 - 9*d**2/2 - 2*d. Determine a(7).
5
Let k(f) be the first derivative of f**3/3 + 4*f**2 + 3*f + 21. Give k(-6).
-9
Let y(l) = -l**2 + l. Let b(r) = 3*r**2 - 4*r + 4. Let g(v) = -b(v) - 2*y(v). Suppose 4 = 2*i - 2*u, 4*i - u - 13 = -2. Determine g(i).
-7
Let v(f) = f - 9. Let c be v(9). Let k(x) = 1 + 1 + c + x - 7. Calculate k(5).
0
Suppose -5*x = -5*d - x - 17, 7 = -4*d + x. Let b(n) = 2*n + n + 1 - 2*n. Let g(f) = -3*f**2 + 4*f + 4. Let z(a) = -5*b(a) + g(a). Determine z(d).
-3
Let v(k) = -k**2 - 10. Let l be v(0). Let z = l - -11. Let c(p) = -12*p**2 + 1. What is c(z)?
-11
Let r be -3 - 11/(-1) - 3. Suppose -o - 2*j = -r, 3*o + 0 = 3*j + 6. Let p(w) = o*w - 8 + w - 4*w + 2*w. What is p(6)?
4
Let d(i) = i**3 - 3*i**2 + 3*i. Suppose 7*t = 4*t + 3. Suppose -g = -1 - t. What is d(g)?
2
Suppose z + 0*z = 0. Suppose z*i - 12 = -2*i. Let g(y) = y**3 - 7*y**2 + 6*y - 1. Give g(i).
-1
Suppose 6*c - 3*c = 6. Let n(r) be the first derivative of -r**4/4 + r**3 - r**2 - 2*r + 4. Give n(c).
-2
Let n(b) = b**3 + 12*b**2 - b - 6. Let f be n(-12). Let c(p) = -p**3 + 6*p**2 - 2*p + 6. Calculate c(f).
-6
Let p(x) = x**3 + 6*x**2 + 4*x + 1. Suppose -4*k + 51 = -5*b, 3*k + b = -b + 67. Let n be -11 + 3/1 + 4. Let a be (-3)/12 + k/n. Determine p(a).
6
Let i(d) = 2*d + 1. Let u be 5*(1 - (-9)/(-15)). Suppose -1 = -3*s + u. Determine i(s).
3
Let n(r) = r - 3. Let j be n(7). Let o(x) be the third derivative of x**5/60 - x**4/6 + x**3/6 + 20*x**2. Determine o(j).
1
Let k(m) = -5*m - 1 + 0 - 2. Let d be 350/(-40) + (-1)/4. Let j = 7 + d. Give k(j).
7
Suppose 3*z = -7 + 19. Let y(h) = -h**2 + 0 - z + 10. Determine y(0).
6
Let d(k) = k + 5. Let a(j) = -2*j**2 - 9*j - 12. Let q be a(-4). What is d(q)?
-3
Let c = -5 + 1. Suppose 4*q + 9 = -23. Let j = c - q. Let v(x) = -x**2 + 6*x - 2. Calculate v(j).
6
Let u(j) be the second derivative of -j**3/2 - 7*j. Calculate u(2).
-6
Let y(a) = -2*a. Let s be y(-1). Let n(h) be the first derivative of 2*h - 3/2*h**2 - 2 + 1/2*h**4 - 1/3*h**3. Calculate n(s).
8
Let h(p) be the third derivative of -p**8/6720 - p**7/840 - p**6/720 + p**5/60 - p**4/8 + 3*p**2. Let u(k) be the second derivative of h(k). Calculate u(-3).
5
Let y(r) = -r**3 + 4*r**2 - 5. Suppose 5*z - 11 - 9 = 0. Determine y(z).
-5
Suppose 3*i + 3 = 9. Let l(f) = i*f - 8 + 2 - 1. Determine l(5).
3
Let h = 0 - -2. Let w(a) = -4 + 0*a + h + 1 + 2*a. Give w(3).
5
Let j(g) = g**2 - 4*g - 5. Let a be (12/(-10))/(42/(-140)). Calculate j(a).
-5
Let b be 126/30 + (-2)/10. Suppose b*c + 3*s - 5 = 0, -2*c - c - 3*s = 0. Let o(m) = -m**3 + 5*m**2 + m - 3. Calculate o(c).
2
Let q(u) = -2*u - 9. Let n be q(-4). Let o be (((-24)/3)/n)/2. Let s(m) = -m**2 + 3*m + 4. Calculate s(o).
0
Let z(f) = -7*f + 12 + 9 - 24 - f**2. Calculate z(-4).
9
Let r(q) = -14*q - 6. Let i(n) = 5*n + 2. Let z(x) = 11*i(x) + 4*r(x). Suppose -13 = 4*w + 11. What is z(w)?
4
Let h be (-1 + 0)/((-7)/28). Let c(q) be the second derivative of 1/2*q**3 - 1/2*q**2 - 2*q + 0 - 1/6*q**h. Calculate c(2).
-3
Suppose f - y = -0*f + 9, -4*y + 6 = 3*f. Suppose 5*u + 2 + 1 = x, 3*u - 8 = 2*x. Let q = f + x. Let l(o) = o - 1. Give l(q).
-2
Suppose -4*i + 2*j = -7*i + 20, -5*i = -j - 16. Let p(d) = -d + 5. Let b be p(i). Let m(f) = 1 - 2 + f + b. Determine m(2).
2
Let o(b) = -2 - b + 3 - 2. Give o(1).
-2
Let h(z) be the third derivative of z**6/120 + z**5/20 + z**4/24 + 5*z**3/6 + 2*z**2. Determine h(-4).
-15
Let s(n) = 6 + n**2 + 4 + 7*n - 6. What is s(-6)?
-2
Let y(o) = -4*o**2 + o - 8. Let m(w) = w**2 - w. Let q(l) = -3*m(l) - y(l). Let a(c) be the first derivative of q(c). What is a(2)?
6
Suppose 30 = 2*v - 0*v. Let i be 6/v + 54/(-10). Let f(t) = -2*t - 2. What is f(i)?
8
Let t(d) = -d**2 - d + 6. Suppose -3*k + k = -12. Suppose -4*n = -k*n. What is t(n)?
6
Let m(t) = t**2 - 7*t + 3. Let a be 1/(-2) - -2*39/12. Give m(a).
-3
Let a(t) = 5 + 2*t - 10 - 4*t. What is a(-6)?
7
Let w = 15 + -22. Let b be w/(14/8) - 0. Let s(z) = -z**2 - 4*z + 2. Calculate s(b).
2
Let n(i) = 5*i - 31*i**2 - 4*i - 8 + 30*i**2. Give n(0).
-8
Suppose k = -7 + 16. Let t(f) = -f**3 + 8*f**2 + 8*f + 13. Give t(k).
4
Let b(q) be the first derivative of q**5/120 - q**3/3 + 9. Let o(f) be the third derivative of b(f). Calculate o(-5).
-5
Let v(q) = 4*q**2 - 1. Let x be v(1). Suppose -y + x = g, g = -0*g + 2. Let j(o) = -8*o - 1. Determine j(y).
-9
Let l(c) = -c + 0*c - 9 - 7 + 12. What is l(-2)?
-2
Suppose -u - u + 3 = g, 4*u - 13 = 5*g. Let h(c) = -4*c**3 - 2*c**3 + 6*c**3 + 7*c - 7*c**u + c**3 - 4. Give h(6).
2
Let l = 6 - 0. Suppose -l + 31 = 5*u. Let f(x) = 1 - u*x + 4 - 2. Give f(2).
-7
Let b(p) = 5*p - 3*p - p. Let t = 14 + -20. Calculate b(t).
-6
Let t(x) = -x**3 + 4*x**2 + x - 2. Let i(d) = -d - 1. Let m(y) = -4*i(y) + t(y). Let j(p) = p**3 - 2*p + 3. Let v be j(2). Suppose -v = 2*k - 17. Give m(k).
2
Let a(p) = 12*p - 1. Let v(s) = -13*s + 1. Let w(c) = 4*a(c) + 3*v(c). Give w(1).
8
Let v(g) be the second derivative of -g**4/12 + 2*g**3/3 + 7*g**2/2 + 15*g. Determine v(6).
-5
Suppose -5*g = -5*f + 30, 0 = f + g + 3 - 11. Let t(q) = -5 + f - 3 + q. Give t(2).
1
Let q = 9 - 14. Let w(t) = -t**2 - 4 + 0 - 3*t - 4*t + 0*t**2. Give w(q).
6
Let q = 7 - 5. Let c(r) = 0 + 3 - 3*r - r**q + 2 - r. Give c(-5).
0
Let j(m) = -m**2 + 4. Let o(g) = -g - 2. Let i be o(-6). Determine j(i).
-12
Let k = -4 + -2. Let w(m) = m**3 + 7*m**2 + 7*m + 2. Let c be w(k). Let u(x) = 4*x - 3. Let j(l) = 2*l - 1. Let b(v) = -13*j(v) + 6*u(v). Determine b(c).
3
Let i = -8 - -9. Let g be (-1)/2*10*i. Let m(x) = x**2 + 5*x - 6. Calculate m(g).
-6
Let l(x) = -3*x**3 - x**2 + 2*x + 4. Let g(p) = -4*p**3 - p**2 + p + 5. Let v(o) = 2*g(o) - 3*l(o). Determine v(-4).
-34
Let j(l) = -l**2 - 11*l + 16. Let k be j(-12). Let n(b) = b**3 - 2*b + k*b**2 - 2*b + b + 6*b. Let u = -1 + -2. What is n(u)?
0
Let n(v) = 7*v**2 + 3*v - 7. Let k(y) = 3*y**2 + 2*y - 3. Let t(d) = 5*k(d) - 2*n(d). What is t(-4)?
-1
Let n = 2 - 0. Let u(f) = -2*f**3 - 3*f**2 - 5*f - 9. Let a(r) = -3*r**3 - 4*r**2 - 7*r - 13. Let d(c) = -5*a(c) + 7*u(c). Calculate d(n).
6
Let j(t) be the third derivative of -t**8/20160 - t**7/5040 - t**6/720 + t**5/10 - 8*t**2. Let y(v) be the third derivative of j(v). Calculate y(0).
-1
Suppose 73 = 5*q + 2*c, 8*q - 62 = 4*q + 2*c. Suppose 5*j = 4*p + 14, -p = -5*j - 4 + q. Let w(m) = 2 - 1 + 0*m + 0 - 2*m. What is w(p)?
3
Let h = 4 - -2. Let t(d) = d - h + 4 - 4. Suppose -6 = -i - 2. What is t(i)?
-2
Let b(z) be the third derivative of z**6/120 - 7*z**5/60 + 5*z**4/24 + 5*z**3/6 - 11*z**2 - z. Determine b(6).
-1
Let i(g) = -3*g**3 + 13*g**2 - 12*g - 5. Let m(h) = 5*h**3 - 20*h**2 + 18*h + 7. Let t = 12 - 7. Let q(f) = t*m(f) + 8*i(f). Calculate q(-5).
0
Let q(a) be the second derivative of -a**4/4 + a**2/2 + 3*a. Let z(m) = 2*m**2 - 1. Let c(d) = -5*q(d) - 6*z(d). Give c(1).
4
Suppose -11*k + 7*k - 8 = 0. Let p(d) be the third derivative of -d**4/4 - d**3/6 - d**2. What is p(k)?
11
Let n(o) be the first derivative of o**4/4 + o**3/3 - o - 4. Determine n(-2).
-5
Suppose -28*c - 13 = -25*c - 5*u, 3*c - 3*u + 9 = 0. Let l(k) = -k - 1. Let p(h) = 5*h + 6. Let o(q) = 6*l(q) + p(q). Give o(c).
1
Let d(b) = -b**2 + b. Let j(g) = 2*g**2 - 3*g -